{"id":19258,"date":"2026-02-22T10:38:40","date_gmt":"2026-02-22T13:38:40","guid":{"rendered":"https:\/\/mbconsultoraeducativa.com\/?post_type=product&#038;p=19258"},"modified":"2026-02-22T10:42:38","modified_gmt":"2026-02-22T13:42:38","slug":"curso-asincronico-pruebas-de-seleccion-para-cargo-de-director-a-taller-en-vivo-resolucion-de-problematicas-para-directivos","status":"publish","type":"product","link":"https:\/\/mbconsultoraeducativa.com\/index.php\/producto\/curso-asincronico-pruebas-de-seleccion-para-cargo-de-director-a-taller-en-vivo-resolucion-de-problematicas-para-directivos\/","title":{"rendered":"Curso asincr\u00f3nico \u00abPruebas de selecci\u00f3n para cargo de director\/a\u00bb + Taller en vivo: Resoluci\u00f3n de problem\u00e1ticas para directivos"},"content":{"rendered":"<p>Al curso recib\u00eds acceso dentro de las 24hs de compra y pod\u00e9s acceder de manera ilimitada, los 365 d\u00edas del a\u00f1o por dos a\u00f1o.<\/p>\n<p>El taller se llevar\u00e1 a cabo el s\u00e1bado 11 de abril, en una jornada pr\u00e1ctica \u00fanica de tres horas (9-12hs).<\/p>\n<p><a href=\"https:\/\/wa.link\/ijaw97\">Si quer\u00e9s abonar mediante transferencia en un pago con mayor descuento ($112.140), HAC\u00c9 CLIC AQU\u00cd<\/a><\/p>\n","protected":false},"excerpt":{"rendered":"<p>Al curso recib\u00eds acceso dentro de las 24hs de compra y pod\u00e9s acceder de manera ilimitada, los 365 d\u00edas del a\u00f1o por dos a\u00f1o.<\/p>\n<p>El taller se llevar\u00e1 a cabo el s\u00e1bado 11 de abril, en una jornada pr\u00e1ctica \u00fanica de tres horas (9-12hs).<\/p>\n<p><a href=\"https:\/\/wa.link\/ijaw97\">Si quer\u00e9s abonar mediante transferencia en un pago con mayor descuento ($112.140), HAC\u00c9 CLIC AQU\u00cd<\/a><\/p>\n","protected":false},"featured_media":0,"template":"","meta":{"site-sidebar-layout":"default","site-content-layout":"","ast-site-content-layout":"default","site-content-style":"default","site-sidebar-style":"default","ast-global-header-display":"","ast-banner-title-visibility":"","ast-main-header-display":"","ast-hfb-above-header-display":"","ast-hfb-below-header-display":"","ast-hfb-mobile-header-display":"","site-post-title":"","ast-breadcrumbs-content":"","ast-featured-img":"","footer-sml-layout":"","ast-disable-related-posts":"","theme-transparent-header-meta":"default","adv-header-id-meta":"","stick-header-meta":"","header-above-stick-meta":"","header-main-stick-meta":"","header-below-stick-meta":"","astra-migrate-meta-layouts":"set","ast-page-background-enabled":"default","ast-page-background-meta":{"desktop":{"background-color":"var(--ast-global-color-4)","background-image":"","background-repeat":"repeat","background-position":"center center","background-size":"auto","background-attachment":"scroll","background-type":"","background-media":"","overlay-type":"","overlay-color":"","overlay-opacity":"","overlay-gradient":""},"tablet":{"background-color":"","background-image":"","background-repeat":"repeat","background-position":"center center","background-size":"auto","background-attachment":"scroll","background-type":"","background-media":"","overlay-type":"","overlay-color":"","overlay-opacity":"","overlay-gradient":""},"mobile":{"background-color":"","background-image":"","background-repeat":"repeat","background-position":"center center","background-size":"auto","background-attachment":"scroll","background-type":"","background-media":"","overlay-type":"","overlay-color":"","overlay-opacity":"","overlay-gradient":""}},"ast-content-background-meta":{"desktop":{"background-color":"var(--ast-global-color-5)","background-image":"","background-repeat":"repeat","background-position":"center center","background-size":"auto","background-attachment":"scroll","background-type":"","background-media":"","overlay-type":"","overlay-color":"","overlay-opacity":"","overlay-gradient":""},"tablet":{"background-color":"var(--ast-global-color-5)","background-image":"","background-repeat":"repeat","background-position":"center center","background-size":"auto","background-attachment":"scroll","background-type":"","background-media":"","overlay-type":"","overlay-color":"","overlay-opacity":"","overlay-gradient":""},"mobile":{"background-color":"var(--ast-global-color-5)","background-image":"","background-repeat":"repeat","background-position":"center center","background-size":"auto","background-attachment":"scroll","background-type":"","background-media":"","overlay-type":"","overlay-color":"","overlay-opacity":"","overlay-gradient":""}},"_joinchat":[]},"product_brand":[],"product_cat":[15],"product_tag":[],"class_list":{"0":"post-19258","1":"product","2":"type-product","3":"status-publish","5":"product_cat-sin-categorizar","6":"desktop-align-left","7":"tablet-align-left","8":"mobile-align-left","10":"first","11":"instock","12":"sale","13":"virtual","14":"purchasable","15":"product-type-simple"},"_links":{"self":[{"href":"https:\/\/mbconsultoraeducativa.com\/index.php\/wp-json\/wp\/v2\/product\/19258","targetHints":{"allow":["GET"]}}],"collection":[{"href":"https:\/\/mbconsultoraeducativa.com\/index.php\/wp-json\/wp\/v2\/product"}],"about":[{"href":"https:\/\/mbconsultoraeducativa.com\/index.php\/wp-json\/wp\/v2\/types\/product"}],"wp:attachment":[{"href":"https:\/\/mbconsultoraeducativa.com\/index.php\/wp-json\/wp\/v2\/media?parent=19258"}],"wp:term":[{"taxonomy":"product_brand","embeddable":true,"href":"https:\/\/mbconsultoraeducativa.com\/index.php\/wp-json\/wp\/v2\/product_brand?post=19258"},{"taxonomy":"product_cat","embeddable":true,"href":"https:\/\/mbconsultoraeducativa.com\/index.php\/wp-json\/wp\/v2\/product_cat?post=19258"},{"taxonomy":"product_tag","embeddable":true,"href":"https:\/\/mbconsultoraeducativa.com\/index.php\/wp-json\/wp\/v2\/product_tag?post=19258"}],"curies":[{"name":"wp","href":"https:\/\/api.w.org\/{rel}","templated":true}]}}