{"id":801,"date":"2023-09-13T01:17:39","date_gmt":"2023-09-12T23:17:39","guid":{"rendered":"https:\/\/mbconsultoraeducativa.com\/?page_id=801"},"modified":"2026-02-23T21:14:26","modified_gmt":"2026-02-24T00:14:26","slug":"libros","status":"publish","type":"page","link":"https:\/\/mbconsultoraeducativa.com\/index.php\/libros\/","title":{"rendered":"Libros"},"content":{"rendered":"\t\t<div data-elementor-type=\"wp-page\" data-elementor-id=\"801\" class=\"elementor elementor-801\" data-elementor-post-type=\"page\">\n\t\t\t\t\t\t<section class=\"elementor-section elementor-top-section elementor-element elementor-element-b97ff24 elementor-section-boxed elementor-section-height-default elementor-section-height-default\" data-id=\"b97ff24\" data-element_type=\"section\" data-e-type=\"section\">\n\t\t\t\t\t\t<div class=\"elementor-container elementor-column-gap-default\">\n\t\t\t\t\t<div class=\"elementor-column elementor-col-100 elementor-top-column elementor-element elementor-element-19d3972\" data-id=\"19d3972\" data-element_type=\"column\" data-e-type=\"column\">\n\t\t\t<div class=\"elementor-widget-wrap elementor-element-populated\">\n\t\t\t\t\t\t<div class=\"elementor-element elementor-element-c6bf554 elementor-invisible elementor-widget elementor-widget-heading\" data-id=\"c6bf554\" data-element_type=\"widget\" data-e-type=\"widget\" data-settings=\"{&quot;_animation&quot;:&quot;fadeInUp&quot;}\" data-widget_type=\"heading.default\">\n\t\t\t\t<div class=\"elementor-widget-container\">\n\t\t\t\t\t<h2 class=\"elementor-heading-title elementor-size-default\">Libros <\/h2>\t\t\t\t<\/div>\n\t\t\t\t<\/div>\n\t\t\t\t\t<\/div>\n\t\t<\/div>\n\t\t\t\t\t<\/div>\n\t\t<\/section>\n\t\t\t\t<section class=\"elementor-section elementor-top-section elementor-element elementor-element-3722c67 elementor-section-boxed elementor-section-height-default elementor-section-height-default\" data-id=\"3722c67\" data-element_type=\"section\" data-e-type=\"section\">\n\t\t\t\t\t\t<div class=\"elementor-container elementor-column-gap-default\">\n\t\t\t\t\t<div class=\"elementor-column elementor-col-100 elementor-top-column elementor-element elementor-element-5941f77\" data-id=\"5941f77\" data-element_type=\"column\" data-e-type=\"column\">\n\t\t\t<div class=\"elementor-widget-wrap elementor-element-populated\">\n\t\t\t\t\t\t<div class=\"elementor-element elementor-element-eb3798c elementor-widget__width-initial content-align-cta-default elementor-widget elementor-widget-eael-cta-box\" data-id=\"eb3798c\" data-element_type=\"widget\" data-e-type=\"widget\" data-widget_type=\"eael-cta-box.default\">\n\t\t\t\t<div class=\"elementor-widget-container\">\n\t\t\t\t\t\t\t<div class=\"eael-call-to-action cta-basic bg-lite cta-preset-1\">\n        <h4 class=\"sub-title\">Libro F\u00edsico<\/h4><h2 class=\"title eael-cta-heading\">C\u00f3mo ser directivo en la escuela de hoy<\/h2><p><img fetchpriority=\"high\" decoding=\"async\" class=\"alignnone size-medium wp-image-7171\" src=\"https:\/\/mbconsultoraeducativa.com\/wp-content\/uploads\/2024\/08\/libro-directivo-300x300.jpg\" alt=\"\" width=\"300\" height=\"300\" srcset=\"https:\/\/mbconsultoraeducativa.com\/wp-content\/uploads\/2024\/08\/libro-directivo-300x300.jpg 300w, https:\/\/mbconsultoraeducativa.com\/wp-content\/uploads\/2024\/08\/libro-directivo-1024x1024.jpg 1024w, https:\/\/mbconsultoraeducativa.com\/wp-content\/uploads\/2024\/08\/libro-directivo-150x150.jpg 150w, https:\/\/mbconsultoraeducativa.com\/wp-content\/uploads\/2024\/08\/libro-directivo-768x768.jpg 768w, https:\/\/mbconsultoraeducativa.com\/wp-content\/uploads\/2024\/08\/libro-directivo-400x400.jpg 400w, https:\/\/mbconsultoraeducativa.com\/wp-content\/uploads\/2024\/08\/libro-directivo-600x600.jpg 600w, https:\/\/mbconsultoraeducativa.com\/wp-content\/uploads\/2024\/08\/libro-directivo-100x100.jpg 100w, https:\/\/mbconsultoraeducativa.com\/wp-content\/uploads\/2024\/08\/libro-directivo.jpg 1080w\" sizes=\"(max-width: 300px) 100vw, 300px\" \/><\/p><p>$30.000-<\/p><p><strong>9 cuotas sin inter\u00e9s de $3.333 <\/strong>con tarjeta o en <strong>un pago<\/strong> <b>de $27.000 <\/b>mediante <strong>transferencia<\/strong><\/p><a href=\"https:\/\/mbconsultoraeducativa.com\/index.php\/libro-como-ser-directivo-en-la-escuela-de-hoy\/\" class=\"cta-button cta-preset-1  \">Ver libro<\/a>\t<\/div>\n\t\t\t\t\t\t\t\t<\/div>\n\t\t\t\t<\/div>\n\t\t\t\t<div class=\"elementor-element elementor-element-e1b9a85 elementor-widget__width-initial content-align-cta-default elementor-widget elementor-widget-eael-cta-box\" data-id=\"e1b9a85\" data-element_type=\"widget\" data-e-type=\"widget\" data-widget_type=\"eael-cta-box.default\">\n\t\t\t\t<div class=\"elementor-widget-container\">\n\t\t\t\t\t\t\t<div class=\"eael-call-to-action cta-basic bg-lite cta-preset-1\">\n        <h4 class=\"sub-title\">Libro F\u00edsico<\/h4><h2 class=\"title eael-cta-heading\">Concursos y pruebas para cargos Jer\u00e1rquicos<\/h2><p><img decoding=\"async\" class=\"alignnone size-medium wp-image-7169\" src=\"https:\/\/mbconsultoraeducativa.com\/wp-content\/uploads\/2024\/08\/libroconcursos-300x300.jpg\" alt=\"\" width=\"300\" height=\"300\" srcset=\"https:\/\/mbconsultoraeducativa.com\/wp-content\/uploads\/2024\/08\/libroconcursos-300x300.jpg 300w, https:\/\/mbconsultoraeducativa.com\/wp-content\/uploads\/2024\/08\/libroconcursos-1024x1024.jpg 1024w, https:\/\/mbconsultoraeducativa.com\/wp-content\/uploads\/2024\/08\/libroconcursos-150x150.jpg 150w, https:\/\/mbconsultoraeducativa.com\/wp-content\/uploads\/2024\/08\/libroconcursos-768x768.jpg 768w, https:\/\/mbconsultoraeducativa.com\/wp-content\/uploads\/2024\/08\/libroconcursos-400x400.jpg 400w, https:\/\/mbconsultoraeducativa.com\/wp-content\/uploads\/2024\/08\/libroconcursos-600x600.jpg 600w, https:\/\/mbconsultoraeducativa.com\/wp-content\/uploads\/2024\/08\/libroconcursos-100x100.jpg 100w, https:\/\/mbconsultoraeducativa.com\/wp-content\/uploads\/2024\/08\/libroconcursos.jpg 1080w\" sizes=\"(max-width: 300px) 100vw, 300px\" \/><\/p><p>$32.000-<\/p><p><strong>9 cuotas sin inter\u00e9s de $3.556 <\/strong>con tarjeta o en <strong>un pago<\/strong> <b>de $28.800 <\/b>mediante <strong>transferencia<\/strong><\/p><a href=\"https:\/\/mbconsultoraeducativa.com\/index.php\/libro-concursos-y-pruebas-para-cargo-jerarquico\/\" class=\"cta-button cta-preset-1  \">Ver libro<\/a>\t<\/div>\n\t\t\t\t\t\t\t\t<\/div>\n\t\t\t\t<\/div>\n\t\t\t\t<div class=\"elementor-element elementor-element-ac66dd8 elementor-widget__width-initial content-align-cta-default elementor-widget elementor-widget-eael-cta-box\" data-id=\"ac66dd8\" data-element_type=\"widget\" data-e-type=\"widget\" data-widget_type=\"eael-cta-box.default\">\n\t\t\t\t<div class=\"elementor-widget-container\">\n\t\t\t\t\t\t\t<div class=\"eael-call-to-action cta-basic bg-lite cta-preset-1\">\n        <h4 class=\"sub-title\">Libro F\u00edsico<\/h4><h2 class=\"title eael-cta-heading\">C\u00f3mo redactar actas escolares<\/h2><p><img decoding=\"async\" class=\"alignnone size-medium wp-image-7170\" src=\"https:\/\/mbconsultoraeducativa.com\/wp-content\/uploads\/2024\/08\/ACTAS-1-300x300.jpg\" alt=\"\" width=\"300\" height=\"300\" srcset=\"https:\/\/mbconsultoraeducativa.com\/wp-content\/uploads\/2024\/08\/ACTAS-1-300x300.jpg 300w, https:\/\/mbconsultoraeducativa.com\/wp-content\/uploads\/2024\/08\/ACTAS-1-1024x1024.jpg 1024w, https:\/\/mbconsultoraeducativa.com\/wp-content\/uploads\/2024\/08\/ACTAS-1-150x150.jpg 150w, https:\/\/mbconsultoraeducativa.com\/wp-content\/uploads\/2024\/08\/ACTAS-1-768x768.jpg 768w, https:\/\/mbconsultoraeducativa.com\/wp-content\/uploads\/2024\/08\/ACTAS-1-400x400.jpg 400w, https:\/\/mbconsultoraeducativa.com\/wp-content\/uploads\/2024\/08\/ACTAS-1-600x600.jpg 600w, https:\/\/mbconsultoraeducativa.com\/wp-content\/uploads\/2024\/08\/ACTAS-1-100x100.jpg 100w, https:\/\/mbconsultoraeducativa.com\/wp-content\/uploads\/2024\/08\/ACTAS-1.jpg 1080w\" sizes=\"(max-width: 300px) 100vw, 300px\" \/><\/p><p>$30.000-<\/p><p><strong>9 cuotas sin inter\u00e9s de $3.333 <\/strong>con tarjeta o en <strong>un pago<\/strong> <b>de $27.000 <\/b>mediante <strong>transferencia<\/strong><\/p><a href=\"https:\/\/mbconsultoraeducativa.com\/index.php\/libro-como-redactar-actas-escolares\/\" class=\"cta-button cta-preset-1  \">Ver libro<\/a>\t<\/div>\n\t\t\t\t\t\t\t\t<\/div>\n\t\t\t\t<\/div>\n\t\t\t\t<div class=\"elementor-element elementor-element-222e41a elementor-widget__width-initial content-align-cta-default elementor-widget elementor-widget-eael-cta-box\" data-id=\"222e41a\" data-element_type=\"widget\" data-e-type=\"widget\" data-widget_type=\"eael-cta-box.default\">\n\t\t\t\t<div class=\"elementor-widget-container\">\n\t\t\t\t\t\t\t<div class=\"eael-call-to-action cta-basic bg-lite cta-preset-1\">\n        <h4 class=\"sub-title\">Libro F\u00edsico<\/h4><h2 class=\"title eael-cta-heading\">C\u00f3mo organizar la Secretar\u00eda de una Instituci\u00f3n Educativa<\/h2><p><img loading=\"lazy\" decoding=\"async\" class=\"alignnone wp-image-11190 size-medium\" src=\"https:\/\/mbconsultoraeducativa.com\/wp-content\/uploads\/2025\/01\/Black-and-White-Minimalist-Note-Book-Mockup-Instagram-Post-3-240x300.png\" alt=\"\" width=\"240\" height=\"300\" srcset=\"https:\/\/mbconsultoraeducativa.com\/wp-content\/uploads\/2025\/01\/Black-and-White-Minimalist-Note-Book-Mockup-Instagram-Post-3-240x300.png 240w, https:\/\/mbconsultoraeducativa.com\/wp-content\/uploads\/2025\/01\/Black-and-White-Minimalist-Note-Book-Mockup-Instagram-Post-3-819x1024.png 819w, https:\/\/mbconsultoraeducativa.com\/wp-content\/uploads\/2025\/01\/Black-and-White-Minimalist-Note-Book-Mockup-Instagram-Post-3-768x960.png 768w, https:\/\/mbconsultoraeducativa.com\/wp-content\/uploads\/2025\/01\/Black-and-White-Minimalist-Note-Book-Mockup-Instagram-Post-3-600x750.png 600w, https:\/\/mbconsultoraeducativa.com\/wp-content\/uploads\/2025\/01\/Black-and-White-Minimalist-Note-Book-Mockup-Instagram-Post-3.png 1080w\" sizes=\"(max-width: 240px) 100vw, 240px\" \/><\/p><p>$32.000-<\/p><p><strong>9 cuotas sin inter\u00e9s de $3.556 <\/strong>con tarjeta o en <strong>un pago<\/strong> <b>de $28.800 <\/b>mediante <strong>transferencia<\/strong><\/p><a href=\"https:\/\/mbconsultoraeducativa.com\/index.php\/libro-como-organizar-la-secretaria-de-una-institucion-educativa\/\" class=\"cta-button cta-preset-1  \">Ver libro<\/a>\t<\/div>\n\t\t\t\t\t\t\t\t<\/div>\n\t\t\t\t<\/div>\n\t\t\t\t<div class=\"elementor-element elementor-element-8bd4c05 elementor-invisible elementor-widget elementor-widget-heading\" data-id=\"8bd4c05\" data-element_type=\"widget\" data-e-type=\"widget\" data-settings=\"{&quot;_animation&quot;:&quot;fadeInUp&quot;}\" data-widget_type=\"heading.default\">\n\t\t\t\t<div class=\"elementor-widget-container\">\n\t\t\t\t\t<h2 class=\"elementor-heading-title elementor-size-default\">Env\u00edos a todo el pa\u00eds a trav\u00e9s de Correo Argentino<\/h2>\t\t\t\t<\/div>\n\t\t\t\t<\/div>\n\t\t\t\t\t<\/div>\n\t\t<\/div>\n\t\t\t\t\t<\/div>\n\t\t<\/section>\n\t\t\t\t<\/div>\n\t\t","protected":false},"excerpt":{"rendered":"<p>Libros Libro F\u00edsico C\u00f3mo ser directivo en la escuela de hoy $30.000- 9 cuotas sin inter\u00e9s de $3.333 con tarjeta o en un pago de $27.000 mediante transferencia Ver libro Libro F\u00edsico Concursos y pruebas para cargos Jer\u00e1rquicos $32.000- 9 cuotas sin inter\u00e9s de $3.556 con tarjeta o en un pago de $28.800 mediante transferencia [&hellip;]<\/p>\n","protected":false},"author":1,"featured_media":0,"parent":0,"menu_order":0,"comment_status":"closed","ping_status":"closed","template":"","meta":{"site-sidebar-layout":"no-sidebar","site-content-layout":"","ast-site-content-layout":"full-width-container","site-content-style":"default","site-sidebar-style":"default","ast-global-header-display":"","ast-banner-title-visibility":"","ast-main-header-display":"","ast-hfb-above-header-display":"","ast-hfb-below-header-display":"","ast-hfb-mobile-header-display":"","site-post-title":"disabled","ast-breadcrumbs-content":"","ast-featured-img":"disabled","footer-sml-layout":"","ast-disable-related-posts":"","theme-transparent-header-meta":"","adv-header-id-meta":"","stick-header-meta":"","header-above-stick-meta":"","header-main-stick-meta":"","header-below-stick-meta":"","astra-migrate-meta-layouts":"default","ast-page-background-enabled":"default","ast-page-background-meta":{"desktop":{"background-color":"var(--ast-global-color-4)","background-image":"","background-repeat":"repeat","background-position":"center center","background-size":"auto","background-attachment":"scroll","background-type":"","background-media":"","overlay-type":"","overlay-color":"","overlay-opacity":"","overlay-gradient":""},"tablet":{"background-color":"","background-image":"","background-repeat":"repeat","background-position":"center center","background-size":"auto","background-attachment":"scroll","background-type":"","background-media":"","overlay-type":"","overlay-color":"","overlay-opacity":"","overlay-gradient":""},"mobile":{"background-color":"","background-image":"","background-repeat":"repeat","background-position":"center center","background-size":"auto","background-attachment":"scroll","background-type":"","background-media":"","overlay-type":"","overlay-color":"","overlay-opacity":"","overlay-gradient":""}},"ast-content-background-meta":{"desktop":{"background-color":"var(--ast-global-color-5)","background-image":"","background-repeat":"repeat","background-position":"center center","background-size":"auto","background-attachment":"scroll","background-type":"","background-media":"","overlay-type":"","overlay-color":"","overlay-opacity":"","overlay-gradient":""},"tablet":{"background-color":"var(--ast-global-color-5)","background-image":"","background-repeat":"repeat","background-position":"center center","background-size":"auto","background-attachment":"scroll","background-type":"","background-media":"","overlay-type":"","overlay-color":"","overlay-opacity":"","overlay-gradient":""},"mobile":{"background-color":"var(--ast-global-color-5)","background-image":"","background-repeat":"repeat","background-position":"center center","background-size":"auto","background-attachment":"scroll","background-type":"","background-media":"","overlay-type":"","overlay-color":"","overlay-opacity":"","overlay-gradient":""}},"_joinchat":[],"footnotes":""},"class_list":["post-801","page","type-page","status-publish","hentry"],"_links":{"self":[{"href":"https:\/\/mbconsultoraeducativa.com\/index.php\/wp-json\/wp\/v2\/pages\/801","targetHints":{"allow":["GET"]}}],"collection":[{"href":"https:\/\/mbconsultoraeducativa.com\/index.php\/wp-json\/wp\/v2\/pages"}],"about":[{"href":"https:\/\/mbconsultoraeducativa.com\/index.php\/wp-json\/wp\/v2\/types\/page"}],"author":[{"embeddable":true,"href":"https:\/\/mbconsultoraeducativa.com\/index.php\/wp-json\/wp\/v2\/users\/1"}],"replies":[{"embeddable":true,"href":"https:\/\/mbconsultoraeducativa.com\/index.php\/wp-json\/wp\/v2\/comments?post=801"}],"version-history":[{"count":172,"href":"https:\/\/mbconsultoraeducativa.com\/index.php\/wp-json\/wp\/v2\/pages\/801\/revisions"}],"predecessor-version":[{"id":19288,"href":"https:\/\/mbconsultoraeducativa.com\/index.php\/wp-json\/wp\/v2\/pages\/801\/revisions\/19288"}],"wp:attachment":[{"href":"https:\/\/mbconsultoraeducativa.com\/index.php\/wp-json\/wp\/v2\/media?parent=801"}],"curies":[{"name":"wp","href":"https:\/\/api.w.org\/{rel}","templated":true}]}}