{"id":18914,"date":"2026-02-03T15:09:33","date_gmt":"2026-02-03T18:09:33","guid":{"rendered":"https:\/\/mbconsultoraeducativa.com\/?page_id=18914"},"modified":"2026-04-16T20:28:31","modified_gmt":"2026-04-16T23:28:31","slug":"ebooks-herramientas-practicas-educativas","status":"publish","type":"page","link":"https:\/\/mbconsultoraeducativa.com\/index.php\/ebooks-herramientas-practicas-educativas\/","title":{"rendered":"ebooks HERRAMIENTAS PR\u00c1CTICAS EDUCATIVAS"},"content":{"rendered":"\t\t<div data-elementor-type=\"wp-page\" data-elementor-id=\"18914\" class=\"elementor elementor-18914\" data-elementor-post-type=\"page\">\n\t\t\t\t\t\t<section class=\"elementor-section elementor-top-section elementor-element elementor-element-b97ff24 elementor-section-boxed elementor-section-height-default elementor-section-height-default\" data-id=\"b97ff24\" data-element_type=\"section\" data-e-type=\"section\">\n\t\t\t\t\t\t<div class=\"elementor-container elementor-column-gap-default\">\n\t\t\t\t\t<div class=\"elementor-column elementor-col-100 elementor-top-column elementor-element elementor-element-19d3972\" data-id=\"19d3972\" data-element_type=\"column\" data-e-type=\"column\">\n\t\t\t<div class=\"elementor-widget-wrap elementor-element-populated\">\n\t\t\t\t\t\t<div class=\"elementor-element elementor-element-1cd1a9f elementor-invisible elementor-widget elementor-widget-heading\" data-id=\"1cd1a9f\" data-element_type=\"widget\" data-e-type=\"widget\" data-settings=\"{&quot;_animation&quot;:&quot;fadeInUp&quot;}\" data-widget_type=\"heading.default\">\n\t\t\t\t<div class=\"elementor-widget-container\">\n\t\t\t\t\t<h2 class=\"elementor-heading-title elementor-size-default\">COLECCI\u00d3N DE E-BOOKS<\/h2>\t\t\t\t<\/div>\n\t\t\t\t<\/div>\n\t\t\t\t<div class=\"elementor-element elementor-element-19f52b5 elementor-invisible elementor-widget elementor-widget-heading\" data-id=\"19f52b5\" data-element_type=\"widget\" data-e-type=\"widget\" data-settings=\"{&quot;_animation&quot;:&quot;fadeInUp&quot;}\" data-widget_type=\"heading.default\">\n\t\t\t\t<div class=\"elementor-widget-container\">\n\t\t\t\t\t<h2 class=\"elementor-heading-title elementor-size-default\">\"HERRAMIENTAS PR\u00c1CTICAS EDUCATIVAS\"<\/h2>\t\t\t\t<\/div>\n\t\t\t\t<\/div>\n\t\t\t\t<div class=\"elementor-element elementor-element-8b0a745 elementor-widget elementor-widget-text-editor\" data-id=\"8b0a745\" data-element_type=\"widget\" data-e-type=\"widget\" data-widget_type=\"text-editor.default\">\n\t\t\t\t<div class=\"elementor-widget-container\">\n\t\t\t\t\t\t\t\t\t<p><b>La colecci\u00f3n HERRAMIENTAS PR\u00c1CTICAS EDUCATIVAS<\/b><span style=\"font-weight: 400;\">, desarrollada por <\/span><b>MB<\/b><span style=\"font-weight: 400;\">, est\u00e1 dise\u00f1ada para ser un recurso que acompa\u00f1e a las instituciones. En cada volumen, abordamos los desaf\u00edos concretos del d\u00eda a d\u00eda institucional, entregando <\/span><b>soluciones pedag\u00f3gicas probadas<\/b><span style=\"font-weight: 400;\"> que transforman la teor\u00eda en <\/span><b>pr\u00e1cticas posibles<\/b><span style=\"font-weight: 400;\">. Nuestro objetivo es que cuenten con las estrategias y los instrumentos necesarios para aplicar la innovaci\u00f3n en el aula desde el primer momento.<\/span><\/p><p><span style=\"font-weight: 400;\">Desde <\/span><b>MB Consultora Educativa<\/b><span style=\"font-weight: 400;\">, nuestro objetivo es brindarles los <\/span><b>fundamentos s\u00f3lidos y las herramientas <\/b><span style=\"font-weight: 400;\">que simplifican la gesti\u00f3n, potencian las estrategias docentes y optimizan la administraci\u00f3n escolar.\u00a0<\/span><\/p><p><span style=\"font-weight: 400;\">Cada cuadernillo ha sido meticulosamente pensado para <\/span><b>inspirar, optimizar el tiempo y garantizar la mejora educativa<\/b><span style=\"font-weight: 400;\">. Queremos acompa\u00f1arlos record\u00e1ndoles la importancia de la labor: una tarea que, d\u00eda a d\u00eda, deja <\/span><b>huellas perdurables<\/b><span style=\"font-weight: 400;\"> en la vida y el futuro de cada estudiante.<\/span><\/p>\t\t\t\t\t\t\t\t<\/div>\n\t\t\t\t<\/div>\n\t\t\t\t\t<\/div>\n\t\t<\/div>\n\t\t\t\t\t<\/div>\n\t\t<\/section>\n\t\t\t\t<section class=\"elementor-section elementor-top-section elementor-element elementor-element-79ed412 elementor-section-boxed elementor-section-height-default elementor-section-height-default\" data-id=\"79ed412\" data-element_type=\"section\" data-e-type=\"section\">\n\t\t\t\t\t\t<div class=\"elementor-container elementor-column-gap-default\">\n\t\t\t\t\t<div class=\"elementor-column elementor-col-50 elementor-top-column elementor-element elementor-element-2285fb0\" data-id=\"2285fb0\" data-element_type=\"column\" data-e-type=\"column\">\n\t\t\t<div class=\"elementor-widget-wrap elementor-element-populated\">\n\t\t\t\t\t\t<div class=\"elementor-element elementor-element-76ff446 elementor-widget elementor-widget-image\" data-id=\"76ff446\" data-element_type=\"widget\" data-e-type=\"widget\" data-widget_type=\"image.default\">\n\t\t\t\t<div class=\"elementor-widget-container\">\n\t\t\t\t\t\t\t\t\t\t\t\t\t\t\t<img fetchpriority=\"high\" decoding=\"async\" width=\"689\" height=\"1024\" src=\"https:\/\/mbconsultoraeducativa.com\/wp-content\/uploads\/2026\/02\/QR-GRUPO-DE-WHATSAPP-e1770143111297-689x1024.jpg\" class=\"attachment-large size-large wp-image-18929\" alt=\"\" srcset=\"https:\/\/mbconsultoraeducativa.com\/wp-content\/uploads\/2026\/02\/QR-GRUPO-DE-WHATSAPP-e1770143111297-689x1024.jpg 689w, https:\/\/mbconsultoraeducativa.com\/wp-content\/uploads\/2026\/02\/QR-GRUPO-DE-WHATSAPP-e1770143111297-202x300.jpg 202w, https:\/\/mbconsultoraeducativa.com\/wp-content\/uploads\/2026\/02\/QR-GRUPO-DE-WHATSAPP-e1770143111297-600x892.jpg 600w, https:\/\/mbconsultoraeducativa.com\/wp-content\/uploads\/2026\/02\/QR-GRUPO-DE-WHATSAPP-e1770143111297.jpg 693w\" sizes=\"(max-width: 689px) 100vw, 689px\" \/>\t\t\t\t\t\t\t\t\t\t\t\t\t\t\t<\/div>\n\t\t\t\t<\/div>\n\t\t\t\t\t<\/div>\n\t\t<\/div>\n\t\t\t\t<div class=\"elementor-column elementor-col-50 elementor-top-column elementor-element elementor-element-562745f\" data-id=\"562745f\" data-element_type=\"column\" data-e-type=\"column\">\n\t\t\t<div class=\"elementor-widget-wrap elementor-element-populated\">\n\t\t\t\t\t\t<div class=\"elementor-element elementor-element-cc644c0 elementor-widget-divider--view-line elementor-widget elementor-widget-divider\" data-id=\"cc644c0\" data-element_type=\"widget\" data-e-type=\"widget\" data-widget_type=\"divider.default\">\n\t\t\t\t<div class=\"elementor-widget-container\">\n\t\t\t\t\t\t\t<div class=\"elementor-divider\">\n\t\t\t<span class=\"elementor-divider-separator\">\n\t\t\t\t\t\t<\/span>\n\t\t<\/div>\n\t\t\t\t\t\t<\/div>\n\t\t\t\t<\/div>\n\t\t\t\t<div class=\"elementor-element elementor-element-9a17634 elementor-widget-mobile__width-initial elementor-widget__width-initial elementor-widget elementor-widget-heading\" data-id=\"9a17634\" data-element_type=\"widget\" data-e-type=\"widget\" data-widget_type=\"heading.default\">\n\t\t\t\t<div class=\"elementor-widget-container\">\n\t\t\t\t\t<h2 class=\"elementor-heading-title elementor-size-default\">e-BOOK \"GU\u00cdA PR\u00c1CTIcA PARA EL INICIO DEL CICLO LECTIVO\"<\/h2>\t\t\t\t<\/div>\n\t\t\t\t<\/div>\n\t\t\t\t<div class=\"elementor-element elementor-element-6172e15 elementor-widget elementor-widget-text-editor\" data-id=\"6172e15\" data-element_type=\"widget\" data-e-type=\"widget\" data-widget_type=\"text-editor.default\">\n\t\t\t\t<div class=\"elementor-widget-container\">\n\t\t\t\t\t\t\t\t\t<blockquote data-start=\"128\" data-end=\"605\"><p data-start=\"130\" data-end=\"605\">La <em data-start=\"133\" data-end=\"176\">Gu\u00eda pr\u00e1ctica de inicio del ciclo lectivo<\/em> es un recurso pensado para directivos, secretarios\/as, inspectores\/as y docentes que buscan comenzar el a\u00f1o con claridad, organizaci\u00f3n y sentido pedag\u00f3gico. Combina herramientas concretas de planificaci\u00f3n y gesti\u00f3n institucional con una mirada centrada en el bienestar, el trabajo en equipo y el acompa\u00f1amiento de las trayectorias escolares, para transformar el inicio del ciclo lectivo en una oportunidad de construcci\u00f3n colectiva y aprendizaje significativo.<\/p><\/blockquote>\t\t\t\t\t\t\t\t<\/div>\n\t\t\t\t<\/div>\n\t\t\t\t<div class=\"elementor-element elementor-element-b38aee2 elementor-widget-mobile__width-initial elementor-widget__width-initial elementor-widget elementor-widget-heading\" data-id=\"b38aee2\" data-element_type=\"widget\" data-e-type=\"widget\" data-widget_type=\"heading.default\">\n\t\t\t\t<div class=\"elementor-widget-container\">\n\t\t\t\t\t<h2 class=\"elementor-heading-title elementor-size-default\"> $15.900 con tarjeta en 9 cuotas sin inter\u00e9s<br>\no un pago de $14.310 mediante transferencia<\/h2>\t\t\t\t<\/div>\n\t\t\t\t<\/div>\n\t\t\t\t<div class=\"elementor-element elementor-element-1291fd8 elementor-widget elementor-widget-button\" data-id=\"1291fd8\" data-element_type=\"widget\" data-e-type=\"widget\" data-widget_type=\"button.default\">\n\t\t\t\t<div class=\"elementor-widget-container\">\n\t\t\t\t\t\t\t\t\t<div class=\"elementor-button-wrapper\">\n\t\t\t\t\t<a class=\"elementor-button elementor-button-link elementor-size-sm\" href=\"https:\/\/mbconsultoraeducativa.com\/index.php\/producto\/e-book-guia-practiva-para-el-inicio-del-ciclo-lectivo\/\">\n\t\t\t\t\t\t<span class=\"elementor-button-content-wrapper\">\n\t\t\t\t\t\t\t\t\t<span class=\"elementor-button-text\">ADQUIR\u00cd EL TUYO<\/span>\n\t\t\t\t\t<\/span>\n\t\t\t\t\t<\/a>\n\t\t\t\t<\/div>\n\t\t\t\t\t\t\t\t<\/div>\n\t\t\t\t<\/div>\n\t\t\t\t\t<\/div>\n\t\t<\/div>\n\t\t\t\t\t<\/div>\n\t\t<\/section>\n\t\t\t\t<section class=\"elementor-section elementor-top-section elementor-element elementor-element-8ac858b elementor-section-boxed elementor-section-height-default elementor-section-height-default\" data-id=\"8ac858b\" data-element_type=\"section\" data-e-type=\"section\">\n\t\t\t\t\t\t<div class=\"elementor-container elementor-column-gap-default\">\n\t\t\t\t\t<div class=\"elementor-column elementor-col-50 elementor-top-column elementor-element elementor-element-04db1a0\" data-id=\"04db1a0\" data-element_type=\"column\" data-e-type=\"column\">\n\t\t\t<div class=\"elementor-widget-wrap elementor-element-populated\">\n\t\t\t\t\t\t<div class=\"elementor-element elementor-element-e3d3330 elementor-widget-divider--view-line elementor-widget elementor-widget-divider\" data-id=\"e3d3330\" data-element_type=\"widget\" data-e-type=\"widget\" data-widget_type=\"divider.default\">\n\t\t\t\t<div class=\"elementor-widget-container\">\n\t\t\t\t\t\t\t<div class=\"elementor-divider\">\n\t\t\t<span class=\"elementor-divider-separator\">\n\t\t\t\t\t\t<\/span>\n\t\t<\/div>\n\t\t\t\t\t\t<\/div>\n\t\t\t\t<\/div>\n\t\t\t\t<div class=\"elementor-element elementor-element-e548660 elementor-widget-mobile__width-initial elementor-widget__width-initial elementor-widget elementor-widget-heading\" data-id=\"e548660\" data-element_type=\"widget\" data-e-type=\"widget\" data-widget_type=\"heading.default\">\n\t\t\t\t<div class=\"elementor-widget-container\">\n\t\t\t\t\t<h2 class=\"elementor-heading-title elementor-size-default\">e-BOOK \"EFEM\u00c9RIDES Y ACTOS ESCOLARES\"<\/h2>\t\t\t\t<\/div>\n\t\t\t\t<\/div>\n\t\t\t\t<div class=\"elementor-element elementor-element-6e5aa2d elementor-widget elementor-widget-text-editor\" data-id=\"6e5aa2d\" data-element_type=\"widget\" data-e-type=\"widget\" data-widget_type=\"text-editor.default\">\n\t\t\t\t<div class=\"elementor-widget-container\">\n\t\t\t\t\t\t\t\t\t<blockquote data-start=\"128\" data-end=\"605\"><p data-start=\"130\" data-end=\"605\">Efem\u00e9rides y Actos Escolares es una gu\u00eda pr\u00e1ctica para dise\u00f1ar propuestas pedag\u00f3gicas significativas a partir de las efem\u00e9rides y los actos escolares.<\/p><p data-start=\"130\" data-end=\"605\">Re\u00fane orientaciones, recursos y criterios para planificar actos con sentido educativo, fortalecer el trabajo en equipo y resignificar estos espacios como oportunidades de aprendizaje, participaci\u00f3n y construcci\u00f3n de identidad institucional.<\/p><\/blockquote>\t\t\t\t\t\t\t\t<\/div>\n\t\t\t\t<\/div>\n\t\t\t\t<div class=\"elementor-element elementor-element-9c36ef1 elementor-widget-mobile__width-initial elementor-widget__width-initial elementor-widget elementor-widget-heading\" data-id=\"9c36ef1\" data-element_type=\"widget\" data-e-type=\"widget\" data-widget_type=\"heading.default\">\n\t\t\t\t<div class=\"elementor-widget-container\">\n\t\t\t\t\t<h2 class=\"elementor-heading-title elementor-size-default\">$18.000 con tarjeta en 9 cuotas sin inter\u00e9s<br>\no un pago de $15.900 mediante transferencia<\/h2>\t\t\t\t<\/div>\n\t\t\t\t<\/div>\n\t\t\t\t<div class=\"elementor-element elementor-element-88112df elementor-widget elementor-widget-button\" data-id=\"88112df\" data-element_type=\"widget\" data-e-type=\"widget\" data-widget_type=\"button.default\">\n\t\t\t\t<div class=\"elementor-widget-container\">\n\t\t\t\t\t\t\t\t\t<div class=\"elementor-button-wrapper\">\n\t\t\t\t\t<a class=\"elementor-button elementor-button-link elementor-size-sm\" href=\"https:\/\/mbconsultoraeducativa.com\/index.php\/producto\/e-book-efemerides-y-actos-escolares\/\">\n\t\t\t\t\t\t<span class=\"elementor-button-content-wrapper\">\n\t\t\t\t\t\t\t\t\t<span class=\"elementor-button-text\">ADQUIR\u00cd EL TUYO<\/span>\n\t\t\t\t\t<\/span>\n\t\t\t\t\t<\/a>\n\t\t\t\t<\/div>\n\t\t\t\t\t\t\t\t<\/div>\n\t\t\t\t<\/div>\n\t\t\t\t\t<\/div>\n\t\t<\/div>\n\t\t\t\t<div class=\"elementor-column elementor-col-50 elementor-top-column elementor-element elementor-element-9fb1414\" data-id=\"9fb1414\" data-element_type=\"column\" data-e-type=\"column\">\n\t\t\t<div class=\"elementor-widget-wrap elementor-element-populated\">\n\t\t\t\t\t\t<div class=\"elementor-element elementor-element-a74450d elementor-widget elementor-widget-image\" data-id=\"a74450d\" data-element_type=\"widget\" data-e-type=\"widget\" data-widget_type=\"image.default\">\n\t\t\t\t<div class=\"elementor-widget-container\">\n\t\t\t\t\t\t\t\t\t\t\t\t\t\t\t<img decoding=\"async\" width=\"686\" height=\"1024\" src=\"https:\/\/mbconsultoraeducativa.com\/wp-content\/uploads\/2026\/02\/QR-GRUPO-DE-WHATSAPP-1-e1770141310660-686x1024.jpg\" class=\"attachment-large size-large wp-image-18931\" alt=\"\" \/>\t\t\t\t\t\t\t\t\t\t\t\t\t\t\t<\/div>\n\t\t\t\t<\/div>\n\t\t\t\t\t<\/div>\n\t\t<\/div>\n\t\t\t\t\t<\/div>\n\t\t<\/section>\n\t\t\t\t<section class=\"elementor-section elementor-top-section elementor-element elementor-element-efde3f6 elementor-section-boxed elementor-section-height-default elementor-section-height-default\" data-id=\"efde3f6\" data-element_type=\"section\" data-e-type=\"section\">\n\t\t\t\t\t\t<div class=\"elementor-container elementor-column-gap-default\">\n\t\t\t\t\t<div class=\"elementor-column elementor-col-50 elementor-top-column elementor-element elementor-element-c5247ae\" data-id=\"c5247ae\" data-element_type=\"column\" data-e-type=\"column\">\n\t\t\t<div class=\"elementor-widget-wrap elementor-element-populated\">\n\t\t\t\t\t\t<div class=\"elementor-element elementor-element-c202dc1 elementor-widget elementor-widget-image\" data-id=\"c202dc1\" data-element_type=\"widget\" data-e-type=\"widget\" data-widget_type=\"image.default\">\n\t\t\t\t<div class=\"elementor-widget-container\">\n\t\t\t\t\t\t\t\t\t\t\t\t\t\t\t<img decoding=\"async\" width=\"705\" height=\"1024\" src=\"https:\/\/mbconsultoraeducativa.com\/wp-content\/uploads\/2026\/04\/QR-GRUPO-DE-WHATSAPP-705x1024.png\" class=\"attachment-large size-large wp-image-19744\" alt=\"\" srcset=\"https:\/\/mbconsultoraeducativa.com\/wp-content\/uploads\/2026\/04\/QR-GRUPO-DE-WHATSAPP-705x1024.png 705w, https:\/\/mbconsultoraeducativa.com\/wp-content\/uploads\/2026\/04\/QR-GRUPO-DE-WHATSAPP-207x300.png 207w, https:\/\/mbconsultoraeducativa.com\/wp-content\/uploads\/2026\/04\/QR-GRUPO-DE-WHATSAPP-600x871.png 600w, https:\/\/mbconsultoraeducativa.com\/wp-content\/uploads\/2026\/04\/QR-GRUPO-DE-WHATSAPP.png 744w\" sizes=\"(max-width: 705px) 100vw, 705px\" \/>\t\t\t\t\t\t\t\t\t\t\t\t\t\t\t<\/div>\n\t\t\t\t<\/div>\n\t\t\t\t\t<\/div>\n\t\t<\/div>\n\t\t\t\t<div class=\"elementor-column elementor-col-50 elementor-top-column elementor-element elementor-element-74ac971\" data-id=\"74ac971\" data-element_type=\"column\" data-e-type=\"column\">\n\t\t\t<div class=\"elementor-widget-wrap elementor-element-populated\">\n\t\t\t\t\t\t<div class=\"elementor-element elementor-element-164f234 elementor-widget-divider--view-line elementor-widget elementor-widget-divider\" data-id=\"164f234\" data-element_type=\"widget\" data-e-type=\"widget\" data-widget_type=\"divider.default\">\n\t\t\t\t<div class=\"elementor-widget-container\">\n\t\t\t\t\t\t\t<div class=\"elementor-divider\">\n\t\t\t<span class=\"elementor-divider-separator\">\n\t\t\t\t\t\t<\/span>\n\t\t<\/div>\n\t\t\t\t\t\t<\/div>\n\t\t\t\t<\/div>\n\t\t\t\t<div class=\"elementor-element elementor-element-3119621 elementor-widget-mobile__width-initial elementor-widget__width-initial elementor-widget elementor-widget-heading\" data-id=\"3119621\" data-element_type=\"widget\" data-e-type=\"widget\" data-widget_type=\"heading.default\">\n\t\t\t\t<div class=\"elementor-widget-container\">\n\t\t\t\t\t<h2 class=\"elementor-heading-title elementor-size-default\">e-book \"El Proyecto educativo Institucional en acci\u00f3n: C\u00f3mo trabajarlo desde cada rol\"<\/h2>\t\t\t\t<\/div>\n\t\t\t\t<\/div>\n\t\t\t\t<div class=\"elementor-element elementor-element-d6c24b7 elementor-widget elementor-widget-text-editor\" data-id=\"d6c24b7\" data-element_type=\"widget\" data-e-type=\"widget\" data-widget_type=\"text-editor.default\">\n\t\t\t\t<div class=\"elementor-widget-container\">\n\t\t\t\t\t\t\t\t\t<blockquote data-start=\"128\" data-end=\"605\"><p data-start=\"130\" data-end=\"605\">Es la gu\u00eda pr\u00e1ctica definitiva para transformar el PI, de un documento est\u00e1tico en el motor vivo de tu escuela. A trav\u00e9s de un enfoque de liderazgo distribuido, este e-book ofrece herramientas para potenciar el talento colectivo, cuidar el bienestar docente y asegurar que el aprendizaje florezca en un clima institucional saludable. Super\u00e1 la burocracia del \u00abcomo si&#8230;\u00bb y constru\u00ed, paso a paso, la instituci\u00f3n que so\u00f1\u00e1s con compromiso y profesionalismo.<\/p><\/blockquote>\t\t\t\t\t\t\t\t<\/div>\n\t\t\t\t<\/div>\n\t\t\t\t<div class=\"elementor-element elementor-element-975b0e1 elementor-widget-mobile__width-initial elementor-widget__width-initial elementor-widget elementor-widget-heading\" data-id=\"975b0e1\" data-element_type=\"widget\" data-e-type=\"widget\" data-widget_type=\"heading.default\">\n\t\t\t\t<div class=\"elementor-widget-container\">\n\t\t\t\t\t<h2 class=\"elementor-heading-title elementor-size-default\"><s>$18.000<\/s> $15.900 con tarjeta en 9 cuotas sin inter\u00e9s<br>\no un pago de <s>$15.000<\/s> $12.000 mediante transferencia<\/h2>\t\t\t\t<\/div>\n\t\t\t\t<\/div>\n\t\t\t\t<div class=\"elementor-element elementor-element-944ad1d elementor-widget elementor-widget-button\" data-id=\"944ad1d\" data-element_type=\"widget\" data-e-type=\"widget\" data-widget_type=\"button.default\">\n\t\t\t\t<div class=\"elementor-widget-container\">\n\t\t\t\t\t\t\t\t\t<div class=\"elementor-button-wrapper\">\n\t\t\t\t\t<a class=\"elementor-button elementor-button-link elementor-size-sm\" href=\"https:\/\/mbconsultoraeducativa.com\/index.php\/producto\/e-book-el-proyecto-educativo-institucional-en-accion-como-trabajarlo-desde-cada-rol\/\">\n\t\t\t\t\t\t<span class=\"elementor-button-content-wrapper\">\n\t\t\t\t\t\t\t\t\t<span class=\"elementor-button-text\">ADQUIR\u00cd EL TUYO<\/span>\n\t\t\t\t\t<\/span>\n\t\t\t\t\t<\/a>\n\t\t\t\t<\/div>\n\t\t\t\t\t\t\t\t<\/div>\n\t\t\t\t<\/div>\n\t\t\t\t\t<\/div>\n\t\t<\/div>\n\t\t\t\t\t<\/div>\n\t\t<\/section>\n\t\t\t\t<\/div>\n\t\t","protected":false},"excerpt":{"rendered":"<p>COLECCI\u00d3N DE E-BOOKS \u00abHERRAMIENTAS PR\u00c1CTICAS EDUCATIVAS\u00bb La colecci\u00f3n HERRAMIENTAS PR\u00c1CTICAS EDUCATIVAS, desarrollada por MB, est\u00e1 dise\u00f1ada para ser un recurso que acompa\u00f1e a las instituciones. En cada volumen, abordamos los desaf\u00edos concretos del d\u00eda a d\u00eda institucional, entregando soluciones pedag\u00f3gicas probadas que transforman la teor\u00eda en pr\u00e1cticas posibles. Nuestro objetivo es que cuenten con las [&hellip;]<\/p>\n","protected":false},"author":2,"featured_media":0,"parent":0,"menu_order":0,"comment_status":"closed","ping_status":"closed","template":"","meta":{"site-sidebar-layout":"no-sidebar","site-content-layout":"","ast-site-content-layout":"full-width-container","site-content-style":"default","site-sidebar-style":"default","ast-global-header-display":"","ast-banner-title-visibility":"","ast-main-header-display":"","ast-hfb-above-header-display":"","ast-hfb-below-header-display":"","ast-hfb-mobile-header-display":"","site-post-title":"disabled","ast-breadcrumbs-content":"","ast-featured-img":"disabled","footer-sml-layout":"","ast-disable-related-posts":"","theme-transparent-header-meta":"","adv-header-id-meta":"","stick-header-meta":"","header-above-stick-meta":"","header-main-stick-meta":"","header-below-stick-meta":"","astra-migrate-meta-layouts":"default","ast-page-background-enabled":"default","ast-page-background-meta":{"desktop":{"background-color":"var(--ast-global-color-4)","background-image":"","background-repeat":"repeat","background-position":"center center","background-size":"auto","background-attachment":"scroll","background-type":"","background-media":"","overlay-type":"","overlay-color":"","overlay-opacity":"","overlay-gradient":""},"tablet":{"background-color":"","background-image":"","background-repeat":"repeat","background-position":"center center","background-size":"auto","background-attachment":"scroll","background-type":"","background-media":"","overlay-type":"","overlay-color":"","overlay-opacity":"","overlay-gradient":""},"mobile":{"background-color":"","background-image":"","background-repeat":"repeat","background-position":"center center","background-size":"auto","background-attachment":"scroll","background-type":"","background-media":"","overlay-type":"","overlay-color":"","overlay-opacity":"","overlay-gradient":""}},"ast-content-background-meta":{"desktop":{"background-color":"var(--ast-global-color-5)","background-image":"","background-repeat":"repeat","background-position":"center center","background-size":"auto","background-attachment":"scroll","background-type":"","background-media":"","overlay-type":"","overlay-color":"","overlay-opacity":"","overlay-gradient":""},"tablet":{"background-color":"var(--ast-global-color-5)","background-image":"","background-repeat":"repeat","background-position":"center center","background-size":"auto","background-attachment":"scroll","background-type":"","background-media":"","overlay-type":"","overlay-color":"","overlay-opacity":"","overlay-gradient":""},"mobile":{"background-color":"var(--ast-global-color-5)","background-image":"","background-repeat":"repeat","background-position":"center center","background-size":"auto","background-attachment":"scroll","background-type":"","background-media":"","overlay-type":"","overlay-color":"","overlay-opacity":"","overlay-gradient":""}},"_joinchat":[],"footnotes":""},"class_list":["post-18914","page","type-page","status-publish","hentry"],"_links":{"self":[{"href":"https:\/\/mbconsultoraeducativa.com\/index.php\/wp-json\/wp\/v2\/pages\/18914","targetHints":{"allow":["GET"]}}],"collection":[{"href":"https:\/\/mbconsultoraeducativa.com\/index.php\/wp-json\/wp\/v2\/pages"}],"about":[{"href":"https:\/\/mbconsultoraeducativa.com\/index.php\/wp-json\/wp\/v2\/types\/page"}],"author":[{"embeddable":true,"href":"https:\/\/mbconsultoraeducativa.com\/index.php\/wp-json\/wp\/v2\/users\/2"}],"replies":[{"embeddable":true,"href":"https:\/\/mbconsultoraeducativa.com\/index.php\/wp-json\/wp\/v2\/comments?post=18914"}],"version-history":[{"count":49,"href":"https:\/\/mbconsultoraeducativa.com\/index.php\/wp-json\/wp\/v2\/pages\/18914\/revisions"}],"predecessor-version":[{"id":19754,"href":"https:\/\/mbconsultoraeducativa.com\/index.php\/wp-json\/wp\/v2\/pages\/18914\/revisions\/19754"}],"wp:attachment":[{"href":"https:\/\/mbconsultoraeducativa.com\/index.php\/wp-json\/wp\/v2\/media?parent=18914"}],"curies":[{"name":"wp","href":"https:\/\/api.w.org\/{rel}","templated":true}]}}